((-1 + 4/5)/o).
5, 11
Let y be -1*0/((-2)/1). Suppose -d + 6*d - 66 = -3*o, y = 5*o - 10. List the prime factors of (3/d)/(1/172).
43
List the prime factors of (-2)/10 + 68537/35.
2, 11, 89
Let i(a) = 7*a**2 - a + 1. Let j(t) be the third derivative of -t**4/24 - t**3/2 - 4*t**2. Let z be j(-4). What are the prime factors of i(z)?
7
Let b = -189 - -231. List the prime factors of b.
2, 3, 7
Suppose -439 = -7*k + 450. Let o(s) = -13*s + 7. Let r be o(5). Let b = k + r. What are the prime factors of b?
3, 23
Let j be (2/(-8))/((-1)/8). Let z(b) = 17*b**2 - 5*b + 1. List the prime factors of z(j).
59
Let p = 1292 + 114. What are the prime factors of p?
2, 19, 37
Let x(q) = -67*q + 474. List the prime factors of x(-30).
2, 3, 23
Let x be (-184)/(-16) + 6/(-4). Suppose -5*f + 12 = d - x, -3*d - 5*f = -26. Suppose -5*o + 140 = 5*v, 5*o - 5*v - 116 = -d*v. What are the prime factors of o?
5
Suppose 4 = -w + 7. Suppose -6 = -3*i, 3*k - i - w*i + 32 = 0. Let x = -5 - k. List the prime factors of x.
3
Suppose -4*o - 819 = -3*r + 1105, 5*r - 3202 = 2*o. What are the prime factors of r?
2, 5
Let m = 6463 + -2189. List the prime factors of m.
2, 2137
Suppose 0 = -5*p - 14*n + 12*n + 688, -5*p + n = -676. List the prime factors of p.
2, 17
List the prime factors of (582/(-4))/((-3)/2).
97
Let n be (-114)/(-4)*4/(-6). Let u = 23 + n. List the prime factors of 64 - (16/2 - u).
2, 3, 5
Let w(i) = -12*i - 5. Let s be w(-1). Suppose 5*p - 2*a - 584 = 0, -s*p - 3*a = -5*p - 245. What are the prime factors of p?
2, 59
Let o = -1289 + 3107. What are the prime factors of o?
2, 3, 101
What are the prime factors of -12*(-580)/15 + (-3 - 0)?
461
Suppose 3*t - 4*t = 0. Let a = 92 - 48. Suppose t = p + 3*p - a. What are the prime factors of p?
11
Suppose -2*d + 1619 = x, 7*x - 6526 = 3*x + 2*d. List the prime factors of x.
3, 181
Let q = -32 - -32. Suppose d - 4*f - 17 = q, f - 8 = 4*d + 4*f. List the prime factors of (-24)/8 + 60 + d.
2, 29
Suppose 0 = -8*w + 3929 - 1337. What are the prime factors of w?
2, 3
Let k(s) = 86*s. Suppose 0 = 2*a - 3*t - 17, 2*t = -4 - 6. What are the prime factors of k(a)?
2, 43
Let w(o) = -2*o**3 - 17*o**2 - 34*o - 4. What are the prime factors of w(-9)?
383
What are the prime factors of ((-1074)/(-8))/((-30)/(-40))?
179
Suppose -3*h - 3*f = -177, -h + 106 = h - 2*f. List the prime factors of h.
2, 7
Suppose -3*s = -r + 1, -4*r - s - 4*s = -21. Suppose 0 = -2*a - 4*t + 120, a + r*t + 31 - 81 = 0. Let o = 134 - a. What are the prime factors of o?
2
Suppose -4*p + 3*p + 4 = 0. Suppose 0 = -p*x - 16, x - 94 = -2*i + 168. List the prime factors of i.
7, 19
List the prime factors of (6/4)/((-2)/((-47744)/8)).
2, 3, 373
Suppose h + 1 = -2*a + 4, 0 = -2*h + a + 6. Suppose -5*k = 4*f - 9, -3 = 3*f - h*k + 24. Let v(g) = g**3 + 4*g**2 - g - 1. List the prime factors of v(f).
3
Suppose 5*q + 3012 = -7*q. Let n = q + 386. List the prime factors of n.
3, 5
Let m(r) = 2*r**2 + 28*r - 534. What are the prime factors of m(40)?
2, 3, 631
Suppose 90*l = 117393 + 37137. List the prime factors of l.
17, 101
Let r(x) = -5*x**3 + x**2 + 3*x + 2. Let o be r(-1). Suppose -2*z + v + 26 + 65 = 0, o*z = -2*v + 214. List the prime factors of z.
2, 11
Suppose 68*v - 66*v = 1080. List the prime factors of v.
2, 3, 5
Let o be (-7 - -2)*(3 + -2). Let m(d) = -d**3 - 4*d**2 + 8*d + 5. Let c be m(o). What are the prime factors of 390/12*(-8)/c?
2, 13
Let b be 3*5/(30/28). Let o = b + -14. Suppose o*u + 85 = 5*u. List the prime factors of u.
17
Suppose 0 = 5*x + 74 - 179. Let k = 35 - x. Suppose 11*o + 225 = k*o. List the prime factors of o.
3, 5
Let i be 1 + -2 + 153/3. Suppose -2*h = -5*w - 50, 2*h + w - i = 4*w. What are the prime factors of h?
5
Let f(k) = 108*k**2 + 4*k. What are the prime factors of f(4)?
2, 109
Let d be 3 - (1 - 1 - 115). Suppose -2*q + d = 8. Suppose f + 5 = 0, -3*k - 5*f - q = -5*k. What are the prime factors of k?
3, 5
Let c = 47 - 32. Let f be ((-1)/2 + -2)/(1/(-2)). Suppose -f*u + c + 40 = 0. List the prime factors of u.
11
Let z = 1404 + -947. List the prime factors of z.
457
Suppose 6*b - 210 = 3*b. Suppose -5*d + 2*q = -b, 3*q = -5*d + 106 - 11. Let i = d - -16. What are the prime factors of i?
2
Let l(m) = -55*m - 63. List the prime factors of l(-10).
487
Let f(d) = -d**2 - 7*d**2 + d**3 - 13*d - 3*d**2 + 4 + 10. Let o be f(12). Suppose 13 + 17 = o*n. What are the prime factors of n?
3, 5
Suppose 5*m = 6*m - 9. Let f(d) = -4 + 2 - 9*d - m. List the prime factors of f(-5).
2, 17
List the prime factors of 2/21 + (74588/42 - -3).
3, 593
Let c(f) = f**3 - 6*f**2 + 6*f - 5. Let u be c(5). Suppose u = 4*n + 2*y - 134, n + 2*y = y + 32. List the prime factors of n.
5, 7
Suppose 5*s - 58 - 222 = -2*d, -3*s + 4*d + 142 = 0. Suppose -3*a + 0*a = -s. List the prime factors of a.
2, 3
Let k(o) = o**3 - 4*o**2 - 4*o. Let j be k(5). Suppose j*b - 29 = -149. List the prime factors of (-319)/(-7) + b/42.
3, 5
Let g(b) = b**2 - 12*b + 7. Let w be g(11). Let d be (0 - 4) + w/1. What are the prime factors of d/44 - (-1808)/22?
2, 41
Suppose -4*t + 6 + 2 = 0. List the prime factors of (-803)/(-11)*(-1 + t).
73
Let k = 17 + -19. Let l be (-70)/15*(-24)/k. List the prime factors of l/(-6) + 2/3.
2, 5
Suppose -9 = -4*u + 7. Let d(j) = 2*j**3 - j**3 - 3 + 3*j - 3*j**2 + 0*j**2. List the prime factors of d(u).
5
Let w(t) = 3*t**2 - 1. Let l be w(3). Suppose -z + l = -4*z + c, 20 = -5*z - 3*c. Let j(d) = -d**2 - 8*d + 4. What are the prime factors of j(z)?
11
Let m(k) = -103*k - 297. What are the prime factors of m(-3)?
2, 3
What are the prime factors of 10 + -2 + (21 - -1831)?
2, 3, 5, 31
Let j(o) = 2*o - 12. Suppose -9*w = -7*w - 14. Let y be j(w). List the prime factors of y/(-12) + (-337)/(-6).
2, 7
List the prime factors of (-1904224)/(-392) + (27/21 - 1).
2, 7, 347
Let l(t) = -1114*t - 19. List the prime factors of l(-4).
3, 17, 29
Let o = -1479 + 2351. What are the prime factors of o?
2, 109
Let h(j) = 5*j**2 - 5*j - 7. Let d be h(-3). Suppose 2*x + d = x + 5*q, 3*x - q = -89. Let a = 43 + x. What are the prime factors of a?
3, 5
Let a = 3 + 1. Let i = -38 + 42. Suppose 2*h + 5*b - i = 4, -a*b = h - 1. What are the prime factors of h?
3
Suppose -4 - 2 = -3*t, 2*q - 14 = -4*t. Suppose -3*j = q*r - 36, 7*j - 66 = 2*j - 2*r. What are the prime factors of ((-217)/j)/((-1)/2)?
31
Let k = -26 + 54. Suppose 25*c - k*c = -198. What are the prime factors of c?
2, 3, 11
Let n(o) = 4*o + 69. List the prime factors of n(15).
3, 43
List the prime factors of (-4)/(-2) + 477 + 6/3.
13, 37
Suppose 6*d - 9*d = 4*y - 3026, -3*y = 12. List the prime factors of d.
2, 3, 13
Let r(m) = -m + 11. Let n be r(11). Suppose n = 5*a + 41 - 116. What are the prime factors of 5/(a/6) - -46?
2, 3
Suppose 3*l - 4*i = 4, 4*l - 24 = -i - 3*i. What are the prime factors of l/6 + 10/3?
2
List the prime factors of 71*8/((-32)/(-76)).
19, 71
Suppose -n - n = 0. Let u = -3 + n. Let p(m) = m**3 + 5*m**2 + 3*m - 1. What are the prime factors of p(u)?
2
Let x be -15 + -1 - (3 + -1). Let k(r) = -3*r - 34. List the prime factors of k(x).
2, 5
Let v(a) = 105*a**2 + 2*a + 3. Suppose 0 = 5*d + 2*l - 2 + 3, 3*l = 6. List the prime factors of v(d).
2, 53
Let x(i) be the first derivative of -i**2/2 + 10*i + 3. Let w be x(8). Suppose 66 = 3*c - 3*v + 5*v, -w*c + v = -44. List the prime factors of c.
2, 11
Let a(v) = 4*v**3 - 47*v**2 - 62*v - 19. What are the prime factors of a(15)?
2, 13, 19
Suppose -5*l + 2*n + 2720 = 0, 0 = -4*l + l - n + 1621. What are the prime factors of l?
2, 271
Let k = 784 + -696. What are the prime factors of k?
2, 11
Let l = 13 - 9. Suppose -509 = -18*q + 1111. Suppose -2*u - 82 = -2*b, -l*b + 2*u + 258 = q. List the prime factors of b.
43
Let h(t) = 7*t**2 - 231*t - 70. What are the prime factors of h(36)?
2, 7
Let q = 14 - 18. Let g(a) = -a**3 - 3*a**2 - 4. Let w be g(q). Let s = 44 - w. List the prime factors of s.
2
Let i(z) = 3*z**3 + 3*z**2 - 6*z + 1. Let v(o) = -10*o**3 - 8*o**2 + 19*o - 3. Let m(q) = 7*i(q) + 2*v(q). Suppose 3*x + 10 = x. List the prime factors of m(x).
3, 7
Suppose 5*a - 2*x = -12, x - 1 - 7 = 3*a. Let i = -3 + a. List the prime factors of i*(-6)/(-1 + 4).
2, 7
Let m = 344 + 399. List the prime factors of m.
743
Suppose -2*h = -5*q - 77, -3*q + 12 + 25 = 